Calculate the highest common divisor of j and o.
29
Suppose -6*o + 3*o + 5*s + 310 = 0, -2*o + 206 = -3*s. Suppose 2*f = -5*t + 158, t = 151*f - 146*f + 10. Calculate the highest common divisor of t and o.
10
Suppose -3*y + 107 = 20. Let p = 53 - y. What is the greatest common factor of p and 12?
12
Let z be (-44)/(-7) + 4/(-14). Let r(n) = 10*n + 102. Let m be r(-10). What is the highest common divisor of m and z?
2
Suppose 164*a = -14737 + 73777. Suppose -6*z + 208 = -z + 2*j, -z + 3*j = -28. Calculate the greatest common factor of z and a.
40
Let b(i) = -i**3 - i**2 + 1. Let d be b(-3). Let a be 10480/55 - ((-144)/(-80))/((-33)/(-10)). What is the highest common divisor of d and a?
19
Suppose -13*h = -976 - 714. Let p(l) = -l**2 + 14*l - 14. Let f be p(10). Calculate the greatest common divisor of f and h.
26
Let a(g) = 22*g. Let x(c) = 550*c. Let r(z) = -99*a(z) + 4*x(z). Let n be r(10). Calculate the highest common factor of 20 and n.
20
Let f = -62 + 59. Let r(q) = -2*q**3 + 2*q**2 - 6*q - 6. Let c be r(f). What is the highest common divisor of 36 and c?
12
Let u be 7 + ((-297)/(-9) - 10). What is the greatest common divisor of 470 and u?
10
Suppose 5*b + 70 - 1020 = 0. What is the greatest common divisor of 38 and b?
38
Let b be (-2)/(-16) - (-1 - 1617/56). Calculate the greatest common divisor of 50 and b.
10
Suppose 3*m - 975 - 792 = 0. Calculate the greatest common factor of m and 95.
19
Suppose -5*r - 2*c + 35 = 0, 0 = -12*r + 15*r + 3*c - 12. What is the highest common divisor of 1773 and r?
9
Suppose 120 = 9*i - 4*i. What is the highest common divisor of 132 and i?
12
Let s be (-27)/(-2)*7/((-231)/(-748)). Calculate the greatest common divisor of 34 and s.
34
Suppose 2*j = 4*j - 4*n - 158, 4*n - 437 = -5*j. What is the greatest common factor of 15 and j?
5
Let x be 55/33 - ((-2960)/(-6))/(-4). Calculate the highest common factor of 20 and x.
5
Let k(i) = i**2 + i + 13. Let h be k(-6). Calculate the greatest common factor of 731 and h.
43
Suppose 25*a = 31*a - 264. Suppose a*k + 152 = 48*k. What is the highest common divisor of 133 and k?
19
Let c be (-1)/(-4) - (-15)/4. Let l be (-1 + 1 - -1)*5. Suppose k + c*k + 3*s = 933, -3*k + l*s + 587 = 0. What is the highest common divisor of 27 and k?
27
Suppose 36 = -67*b + 69*b. Calculate the greatest common factor of 45 and b.
9
Let z = -678 + 722. Let h = 222 - 156. What is the greatest common factor of z and h?
22
Suppose m + 89*d - 92*d - 93 = 0, m = -5*d + 101. What is the greatest common factor of 160 and m?
32
Let g = -11 - -7. Let c be 414/(1 + g)*(-3)/6. Calculate the highest common divisor of c and 23.
23
Let v be ((-3564)/180)/((-1)/5). What is the greatest common factor of 9 and v?
9
Suppose -i = 3*i - 2*g - 278, -i + g = -70. Suppose 18 = -q + i. Let z = q - -61. Calculate the highest common factor of 14 and z.
14
Let d be 4 - (1 - 103) - 2. Let f(a) = a + 23. Let c = -22 + 12. Let r be f(c). Calculate the greatest common factor of d and r.
13
Let p be -5 + 29 - (-10 + 4). Let n(c) = c**2 + 5*c + 6. Suppose 8 = -4*f - 16. Let y be n(f). Calculate the greatest common divisor of y and p.
6
Let k(t) = -36*t - 236. Let g be k(-7). Calculate the highest common factor of 94 and g.
2
Suppose 0 = b + 39 + 66. Let k = -102 - b. Let v = 25 - -2. What is the greatest common divisor of k and v?
3
Suppose 24*j = 539 + 253. Suppose 5*w = -6 + 21. Calculate the highest common divisor of j and w.
3
Let s(y) = 99*y**2 - y - 12. Let w be s(3). Calculate the greatest common factor of w and 24.
12
Suppose 0 = 6*n - 7*n. Suppose 3*l - 48 + 15 = n. Let o(m) = 2*m**2 + 2*m - 5. Let i be o(5). What is the highest common factor of l and i?
11
Let l(c) = -c**2 + 13*c + 3. Let r = -76 - -86. Let o be l(r). What is the highest common divisor of 33 and o?
33
Let h be ((-148)/(-8) - 2)*2. Let f = 20 + -14. Suppose -3*a + f = -3*c - h, -2*c - 16 = -a. What is the greatest common divisor of a and 2?
2
Let r(y) = -4*y - 2. Let u be r(-2). Let t = u - -17. Let a(c) = -c**2 - 16*c + 215. Let f be a(8). Calculate the highest common factor of t and f.
23
Suppose 4*o + j = -1995, j = 3*o + 6*j + 1509. Let u be (1 + o/12)/(3/(-4)). What is the highest common divisor of 6 and u?
6
Suppose 33*g + 1280 = 97*g. Calculate the greatest common factor of 810 and g.
10
Let t be -1*(0 + 1)*-6. Suppose -2*l = -51*d + 48*d - 237, -5*l + 2*d + 576 = 0. What is the highest common divisor of l and t?
6
Suppose 297 = 412*k - 385*k. Calculate the highest common divisor of k and 704.
11
Let x(c) = -3*c + 102. Suppose -12*y = -3*y. Let g be x(y). What is the highest common factor of g and 17?
17
Suppose -3*n - 26 = -4*s + 2*n, -2*s = 4*n. Let p be -1 + 370 - (4 - s). What is the greatest common factor of 41 and p?
41
Suppose 3*u - 4617 = -4*v, 14*u = 13*u + v + 1539. Calculate the greatest common divisor of 57 and u.
57
Let u = 98 - 87. Calculate the greatest common factor of 11 and u.
11
Let t(g) = 7*g - 4 + 0*g**2 + g**2 - 2*g. Let a be t(-6). Suppose 0 = -a*h - 4*u + 24, -h + 2*u = -u + 3. What is the greatest common factor of h and 2?
2
Let f(i) = 4*i - 5*i + 9 + 4 + 0*i. Let a be f(14). Let w = 5 - a. Calculate the highest common factor of w and 9.
3
Let n be 54 + 1 - ((-24)/(-3) + -11). What is the greatest common divisor of n and 87?
29
Let q(a) = -a**3 + 2*a**2 - 2*a + 99. Let y be q(0). What is the greatest common divisor of 99 and y?
99
Suppose -5*c + 1 = -2*d - 26, -2*d = -3*c + 13. Suppose -c*p + 0*p = -175. What is the greatest common divisor of 75 and p?
25
Suppose 55*w + 30 = 56*w. Calculate the greatest common factor of w and 120.
30
Suppose 73 - 25 = 3*j. Suppose 2*u - 8 = -4. Calculate the greatest common factor of u and j.
2
Let a(q) = 23*q. Let r be a(-1). Let j = 19 + r. Let p = 96 - j. What is the highest common divisor of p and 10?
10
Let v = 1581 + -1037. What is the greatest common factor of 17 and v?
17
Let i = 6 - -14. Suppose -5*g - i = -10*g. What is the greatest common factor of 12 and g?
4
Suppose 2*w - 30 = -3*z, 0 = -5*z + 5*w + 283 - 208. What is the highest common factor of 5 and z?
1
Let t be 3 + (3 - 7) - (0 + 29). Let g = -22 - t. Let v be ((-20)/6)/(3/(-72)). What is the highest common factor of v and g?
8
Let r(z) = -z**3 + 10*z**2 - 11*z + 20. Let n be r(9). Suppose -768 = -n*h - 2*h. What is the greatest common divisor of 24 and h?
24
Suppose -12*n + 2681 = -487. Calculate the highest common divisor of 33 and n.
33
Let h be 33/(-6)*(3 + -9). Let w = 57 - h. Calculate the highest common factor of w and 16.
8
Suppose -4*b = -15 + 7. Suppose -b*m + 21 = m. Let u = 260 - 225. What is the greatest common factor of u and m?
7
Let k be 40/(-260) + 1564/26. Let g be (-4)/(-30) - (-1792)/k. Calculate the greatest common divisor of 12 and g.
6
Suppose 53*n - 10 = 51*n. Suppose 0 = 2*q - n - 17. What is the highest common factor of 11 and q?
11
Let g = -83 + 501. Let h = -266 + g. Calculate the greatest common divisor of 19 and h.
19
Suppose -2197 = -5*q + 203. What is the greatest common factor of 20 and q?
20
Let r = 56 + -61. Let t(f) = -f**3 - 3*f**2 + f + 11. Let x be t(r). What is the greatest common divisor of 24 and x?
8
Let o(s) = s**3 - 42*s**2 + 80*s + 82. Let b be o(40). Calculate the greatest common factor of 205 and b.
41
Suppose -5 = 3*n - i - 18, -2*i + 40 = 5*n. Suppose n*q - 24 = 84. What is the highest common factor of q and 36?
18
Let w be 3 - (2 + -1 - 0). Suppose -w*y + 13 = -0*y + 3*u, 15 = -3*u. Let m be (-298)/(-3725) + (-348)/(-25). What is the highest common factor of m and y?
14
Suppose 0 = -679*s + 653*s + 1222. What is the highest common divisor of 235 and s?
47
Let h = 92 - 36. What is the greatest common factor of 14 and h?
14
Suppose 6*o + 3*f - 17 = 5*o, 5*f = -2*o + 34. What is the greatest common divisor of o and 1377?
17
Let z = -34 + 57. Let u = z - 22. Calculate the highest common factor of u and 1.
1
Let t be 112/5 - (-4)/(-10). Let l = 173 + -169. Let z(n) = 2*n**2 - 8*n + 11. Let d be z(l). Calculate the highest common factor of t and d.
11
Let y(d) = -61*d - 203. Let r be y(-48). Calculate the greatest common factor of 25 and r.
25
Let v(w) = -w**3 + 5*w**2 + 8*w - 4. Let r be v(6). Let o be 935/34*r/10. Calculate the greatest common divisor of 22 and o.